e number?
True
Is 307795211 a prime number?
False
Is 35586685009 a prime number?
True
Is 614778257 a prime number?
True
Is 843095497 a prime number?
True
Is 34997433119 a prime number?
False
Is 119368021 composite?
False
Is 2241113729 a composite number?
True
Is 3068038849 prime?
True
Is 12926894833 a prime number?
True
Is 5353978051 prime?
True
Is 5024057195 composite?
True
Is 3133381 a composite number?
False
Is 7702056833 prime?
False
Is 8606092813 a prime number?
True
Is 1854519241 prime?
True
Is 1018458739 prime?
True
Is 30689215889 composite?
False
Is 104095140803 composite?
False
Is 1247521981 composite?
True
Is 103693955 a composite number?
True
Is 118799320987 prime?
False
Is 689151557 a prime number?
True
Is 73248279097 a composite number?
True
Is 429243301 prime?
False
Is 10286488087 prime?
True
Is 4847874641 prime?
True
Is 6041051357 prime?
False
Is 6553764479 a composite number?
False
Is 182029597 a prime number?
True
Is 429213497 a composite number?
False
Is 747673879 a prime number?
False
Is 144391466 a composite number?
True
Is 2509144721 a prime number?
True
Is 4094232787 a composite number?
False
Is 63141643 a composite number?
False
Is 16232203 a prime number?
False
Is 64828798201 prime?
False
Is 5995093339 a composite number?
True
Is 378376067 a prime number?
True
Is 485938613 prime?
True
Is 747669103 a composite number?
False
Is 82046750813 composite?
False
Is 13389372871 composite?
True
Is 23185806641 composite?
False
Is 1410005911 a composite number?
True
Is 3023272313 a prime number?
True
Is 7065748463 a prime number?
True
Is 83073041171 composite?
False
Is 6214081057 a prime number?
True
Is 98692604357 composite?
True
Is 266913836947 composite?
True
Is 38299495697 composite?
True
Is 106465224223 prime?
True
Is 245770454 a prime number?
False
Is 8600733611 composite?
False
Is 1490396527 a composite number?
True
Is 36064186091 prime?
True
Is 3219707549 composite?
True
Is 11689831573 a prime number?
False
Is 1643531693 a composite number?
True
Is 199909193453 composite?
True
Is 3973285009 a prime number?
True
Is 12121560383 composite?
False
Is 564933179 composite?
False
Is 1244126893 a prime number?
True
Is 1508363453 a composite number?
False
Is 91083752987 a prime number?
False
Is 1211401063 a prime number?
True
Is 789224363 composite?
False
Is 14046906151 prime?
True
Is 95225591289 a composite number?
True
Is 464178149 a prime number?
False
Is 920676671 a composite number?
False
Is 3058454447 a prime number?
False
Is 65135809 prime?
False
Is 5388380219 prime?
True
Is 73514571121 a composite number?
False
Is 604822469 composite?
True
Is 5918215349 prime?
False
Is 33774883 composite?
False
Is 4468153247 prime?
True
Is 73183262693 a prime number?
True
Is 359090791 composite?
False
Is 307826303 a prime number?
True
Is 11068500873 a composite number?
True
Is 11592997469 prime?
False
Is 15720684701 a composite number?
False
Is 1723600721 a composite number?
True
Is 178528201 a prime number?
False
Is 21138640294 composite?
True
Is 43265503691 a prime number?
True
Is 43897734319 composite?
True
Is 63538376807 a composite number?
False
Is 12208759957 prime?
True
Is 7826615867 prime?
False
Is 219551539 a composite number?
False
Is 5613195893 a composite number?
False
Is 55314142651 a composite number?
True
Is 932390447 a prime number?
True
Is 3116577173 a prime number?
False
Is 21537285019 a composite number?
True
Is 6741694229 prime?
True
Is 90348763357 prime?
False
Is 83786611339 a composite number?
False
Is 285799301 a prime number?
False
Is 584161999 composite?
False
Is 354747413 a composite number?
False
Is 8934416327 prime?
False
Is 14528796913 a composite number?
True
Is 1164646739 a prime number?
True
Is 136145858729 a prime number?
True
Is 6085685101 a composite number?
False
Is 722101253 prime?
True
Is 5174428507 prime?
True
Is 15950899373 prime?
False
Is 2990968949 composite?
False
Is 1512162521 a prime number?
True
Is 957257237 a prime number?
True
Is 113014884041 prime?
True
Is 586362039 prime?
False
Is 1087795459 a prime number?
True
Is 34113103897 a prime number?
False
Is 3650089169 composite?
False
Is 2930048813 a composite number?
True
Is 1878632851 composite?
True
Is 2688630639 a composite number?
True
Is 14398127569 a prime number?
False
Is 35105997677 composite?
False
Is 12561847919 composite?
False
Is 198688663 composite?
False
Is 75531309377 a prime number?
False
Is 161551181 composite?
True
Is 178700807671 a prime number?
False
Is 1557398506 a prime number?
False
Is 2063989409 a composite number?
True
Is 4621932149 a composite number?
False
Is 135905725063 composite?
False
Is 517763959 composite?
False
Is 11936906479 a composite number?
True
Is 150711019573 prime?
True
Is 3100684403 prime?
True
Is 2331369605 a composite number?
True
Is 677508763 composite?
True
Is 421961521 prime?
False
Is 5052293221 prime?
True
Is 43327754917 prime?
True
Is 18378610649 a prime number?
False
Is 10747031089 a prime number?
True
Is 34856553203 a composite number?
False
Is 876096005 a prime number?
False
Is 567685123 composite?
True
Is 48688576613 prime?
False
Is 191263817 composite?
False
Is 132632634473 a composite number?
True
Is 1202509673 prime?
True
Is 5565353009 a prime number?
True
Is 751673015 composite?
True
Is 270025073 a prime number?
True
Is 40353015451 a composite number?
True
Is 831471127 a composite number?
False
Is 17352568567 a prime number?
True
Is 7621405843 a composite number?
False
Is 2137023731 a prime number?
False
Is 243248954251 composite?
False
Is 3991162811 a composite number?
True
Is 1983817139 a composite number?
False
Is 22095548537 composite?
False
Is 509287171 prime?
False
Is 21079160381 a prime number?
True
Is 1810922987 a prime number?
True
Is 4041989569 a composite number?
True
Is 17991489806 a composite number?
True
Is 321257869 composite?
True
Is 223373533 a prime number?
True
Is 931917653 composite?
False
Is 47061863441 a prime number?
True
Is 2800974415 a prime number?
False
Is 4229293781 composite?
False
Is 898662509 a prime number?
False
Is 57802595387 composite?
False
Is 13109931121 prime?
False
Is 139944559 composite?
False
Is 18596944931 composite?
False
Is 7193783711 composite?
False
Is 231214619 composite?
False
Is 756414877 a composite number?
False
Is 329529553 a composite number?
True
Is 39102549841 a prime number?
False
Is 1008227173 a composite number?
False
Is 407817769 a prime number?
False
Is 29706926779 a prime number?
True
Is 7889178187 composite?
True
Is 10542232021 a prime number?
True
Is 141547163 a composite number?
True
Is 364307317 a composite number?
True
Is 21863839033 prime?
True
Is 3193498681 a prime number?
True
Is 11513254999 a prime number?
True
Is 1534792141 prime?
True
Is 173217719 a composite number?
False
Is 2748634517 a prime number?
True
Is 394235923 composite?
False
Is 530985017 a composite number?
True
Is 43824398979 prime?
False
Is 2113138751 a composite number?
True
Is 49871791 a prime number?
True
Is 88383458429 composite?
True
Is 1425477731 prime?
True
Is 28982825899 prime?
True
Is 41985325093 a composite number?
False
Is 915502433 prime?
False
Is 1494791 prime?
False
Is 11519887895 prime?
False
Is 3917851121 prime?
False
Is 520760567 prime?
True
Is 632972161 a composite number?
False
Is 137588707 composite?
True
Is 113193290471 a composite number?
True
Is 275560183 a prime number?
False
Is 1706557313 composite?
False
Is 2728827041 a composite number?
True
Is 11025814549 a prime number?
True
Is 7696696417 prime?
True
Is 367444921 composite?
False
Is 1447034233 a composite number?
False
Is 4619310067 prime?
False
Is 24747377209 prime?
True
Is 5200967099 a composite number?
False
Is 1066455671 a prime number?
True
Is 43215553357 composite?
True
Is 2724313213 a prime number?
False
Is 43197304009 a composite number?
True
Is 305551657 composite?
False
Is 193975723 prime?
True
Is 55006577105 a prime number?
False
Is 11092150457 composite?
False
Is 3340890757 a prime number?
True
Is 30947258233 composite?
False
Is 1269406351 prime?
False
Is 1684083509 a composite number?
False
Is 18489373729 prime?
True
Is 3982297697 prime?
False
Is 346336961 a prime number?
True
Is 3708169769 a composite number?
True
Is 2995553783 composite?
True
Is 90755274991 a